{"id":1405,"date":"2020-04-28T20:46:56","date_gmt":"2020-04-28T19:46:56","guid":{"rendered":"https:\/\/wimaxrng.es\/old\/?page_id=1405"},"modified":"2022-01-19T20:23:03","modified_gmt":"2022-01-19T19:23:03","slug":"camaras-termograficas","status":"publish","type":"page","link":"https:\/\/wimaxrng.es\/old\/soluciones\/camaras-termograficas\/","title":{"rendered":"C\u00e1maras termogr\u00e1ficas. Control de accesos"},"content":{"rendered":"<p style=\"text-align: center;\">Wimax RNG desarrolla proyectos para la vuelta a la normalidad frente al Covid19.<\/p>\n<p style=\"text-align: center;\"><b>Nuestra amplia experiencia nos habilita para buscar soluciones a medida para su prevenci\u00f3n<\/b><\/p>\n","protected":false},"excerpt":{"rendered":"<p>Wimax RNG desarrolla proyectos para la vuelta a la normalidad frente al Covid19. Nuestra amplia experiencia nos habilita para buscar soluciones a medida para su prevenci\u00f3n<\/p>\n","protected":false},"author":3,"featured_media":1472,"parent":742,"menu_order":6,"comment_status":"closed","ping_status":"closed","template":"template-flexible.php","meta":[],"acf":[],"yoast_head":"<!-- This site is optimized with the Yoast SEO plugin v20.0 - https:\/\/yoast.com\/wordpress\/plugins\/seo\/ -->\n<title>C\u00e1maras termogr\u00e1ficas y controles de acceso<\/title>\n<meta name=\"description\" content=\"Controles de acceso mediante c\u00e1maras termogr\u00e1ficas que miden temperatura corporal para detecci\u00f3n de fiebre y posible infecci\u00f3n covid19\" \/>\n<meta name=\"robots\" content=\"index, follow, max-snippet:-1, max-image-preview:large, max-video-preview:-1\" \/>\n<link rel=\"canonical\" href=\"https:\/\/wimaxrng.es\/old\/soluciones\/camaras-termograficas\/\" \/>\n<meta property=\"og:locale\" content=\"es_ES\" \/>\n<meta property=\"og:type\" content=\"article\" \/>\n<meta property=\"og:title\" content=\"C\u00e1maras termogr\u00e1ficas y controles de acceso\" \/>\n<meta property=\"og:description\" content=\"Controles de acceso mediante c\u00e1maras termogr\u00e1ficas que miden temperatura corporal para detecci\u00f3n de fiebre y posible infecci\u00f3n covid19\" \/>\n<meta property=\"og:url\" content=\"https:\/\/wimaxrng.es\/old\/soluciones\/camaras-termograficas\/\" \/>\n<meta property=\"og:site_name\" content=\"Wimax rng\" \/>\n<meta property=\"article:modified_time\" content=\"2022-01-19T19:23:03+00:00\" \/>\n<meta property=\"og:image\" content=\"https:\/\/wimaxrng.es\/old\/wp-content\/uploads\/2020\/04\/ControlTemperatura.jpg\" \/>\n\t<meta property=\"og:image:width\" content=\"257\" \/>\n\t<meta property=\"og:image:height\" content=\"222\" \/>\n\t<meta property=\"og:image:type\" content=\"image\/jpeg\" \/>\n<meta name=\"twitter:card\" content=\"summary_large_image\" \/>\n<meta name=\"twitter:label1\" content=\"Tiempo de lectura\" \/>\n\t<meta name=\"twitter:data1\" content=\"1 minuto\" \/>\n<script type=\"application\/ld+json\" class=\"yoast-schema-graph\">{\"@context\":\"https:\/\/schema.org\",\"@graph\":[{\"@type\":\"WebPage\",\"@id\":\"https:\/\/wimaxrng.es\/old\/soluciones\/camaras-termograficas\/\",\"url\":\"https:\/\/wimaxrng.es\/old\/soluciones\/camaras-termograficas\/\",\"name\":\"C\u00e1maras termogr\u00e1ficas y controles de acceso\",\"isPartOf\":{\"@id\":\"https:\/\/wimaxrng.es\/old\/#website\"},\"datePublished\":\"2020-04-28T19:46:56+00:00\",\"dateModified\":\"2022-01-19T19:23:03+00:00\",\"description\":\"Controles de acceso mediante c\u00e1maras termogr\u00e1ficas que miden temperatura corporal para detecci\u00f3n de fiebre y posible infecci\u00f3n covid19\",\"breadcrumb\":{\"@id\":\"https:\/\/wimaxrng.es\/old\/soluciones\/camaras-termograficas\/#breadcrumb\"},\"inLanguage\":\"es\",\"potentialAction\":[{\"@type\":\"ReadAction\",\"target\":[\"https:\/\/wimaxrng.es\/old\/soluciones\/camaras-termograficas\/\"]}]},{\"@type\":\"BreadcrumbList\",\"@id\":\"https:\/\/wimaxrng.es\/old\/soluciones\/camaras-termograficas\/#breadcrumb\",\"itemListElement\":[{\"@type\":\"ListItem\",\"position\":1,\"name\":\"Portada\",\"item\":\"https:\/\/wimaxrng.es\/old\/\"},{\"@type\":\"ListItem\",\"position\":2,\"name\":\"Soluciones\",\"item\":\"https:\/\/wimaxrng.es\/old\/soluciones\/\"},{\"@type\":\"ListItem\",\"position\":3,\"name\":\"C\u00e1maras termogr\u00e1ficas. Control de accesos\"}]},{\"@type\":\"WebSite\",\"@id\":\"https:\/\/wimaxrng.es\/old\/#website\",\"url\":\"https:\/\/wimaxrng.es\/old\/\",\"name\":\"Wimax rng\",\"description\":\"Somos una empresa de esp\u00edritu innovador con una amplia experiencia en el sector de las telecomunicaciones que contamos con un capital humano cercano y de s\u00f3lida formaci\u00f3n para hacer realidad tus proyectos.\",\"potentialAction\":[{\"@type\":\"SearchAction\",\"target\":{\"@type\":\"EntryPoint\",\"urlTemplate\":\"https:\/\/wimaxrng.es\/old\/?s={search_term_string}\"},\"query-input\":\"required name=search_term_string\"}],\"inLanguage\":\"es\"}]}<\/script>\n<!-- \/ Yoast SEO plugin. -->","yoast_head_json":{"title":"C\u00e1maras termogr\u00e1ficas y controles de acceso","description":"Controles de acceso mediante c\u00e1maras termogr\u00e1ficas que miden temperatura corporal para detecci\u00f3n de fiebre y posible infecci\u00f3n covid19","robots":{"index":"index","follow":"follow","max-snippet":"max-snippet:-1","max-image-preview":"max-image-preview:large","max-video-preview":"max-video-preview:-1"},"canonical":"https:\/\/wimaxrng.es\/old\/soluciones\/camaras-termograficas\/","og_locale":"es_ES","og_type":"article","og_title":"C\u00e1maras termogr\u00e1ficas y controles de acceso","og_description":"Controles de acceso mediante c\u00e1maras termogr\u00e1ficas que miden temperatura corporal para detecci\u00f3n de fiebre y posible infecci\u00f3n covid19","og_url":"https:\/\/wimaxrng.es\/old\/soluciones\/camaras-termograficas\/","og_site_name":"Wimax rng","article_modified_time":"2022-01-19T19:23:03+00:00","og_image":[{"width":257,"height":222,"url":"https:\/\/wimaxrng.es\/old\/wp-content\/uploads\/2020\/04\/ControlTemperatura.jpg","type":"image\/jpeg"}],"twitter_card":"summary_large_image","twitter_misc":{"Tiempo de lectura":"1 minuto"},"schema":{"@context":"https:\/\/schema.org","@graph":[{"@type":"WebPage","@id":"https:\/\/wimaxrng.es\/old\/soluciones\/camaras-termograficas\/","url":"https:\/\/wimaxrng.es\/old\/soluciones\/camaras-termograficas\/","name":"C\u00e1maras termogr\u00e1ficas y controles de acceso","isPartOf":{"@id":"https:\/\/wimaxrng.es\/old\/#website"},"datePublished":"2020-04-28T19:46:56+00:00","dateModified":"2022-01-19T19:23:03+00:00","description":"Controles de acceso mediante c\u00e1maras termogr\u00e1ficas que miden temperatura corporal para detecci\u00f3n de fiebre y posible infecci\u00f3n covid19","breadcrumb":{"@id":"https:\/\/wimaxrng.es\/old\/soluciones\/camaras-termograficas\/#breadcrumb"},"inLanguage":"es","potentialAction":[{"@type":"ReadAction","target":["https:\/\/wimaxrng.es\/old\/soluciones\/camaras-termograficas\/"]}]},{"@type":"BreadcrumbList","@id":"https:\/\/wimaxrng.es\/old\/soluciones\/camaras-termograficas\/#breadcrumb","itemListElement":[{"@type":"ListItem","position":1,"name":"Portada","item":"https:\/\/wimaxrng.es\/old\/"},{"@type":"ListItem","position":2,"name":"Soluciones","item":"https:\/\/wimaxrng.es\/old\/soluciones\/"},{"@type":"ListItem","position":3,"name":"C\u00e1maras termogr\u00e1ficas. Control de accesos"}]},{"@type":"WebSite","@id":"https:\/\/wimaxrng.es\/old\/#website","url":"https:\/\/wimaxrng.es\/old\/","name":"Wimax rng","description":"Somos una empresa de esp\u00edritu innovador con una amplia experiencia en el sector de las telecomunicaciones que contamos con un capital humano cercano y de s\u00f3lida formaci\u00f3n para hacer realidad tus proyectos.","potentialAction":[{"@type":"SearchAction","target":{"@type":"EntryPoint","urlTemplate":"https:\/\/wimaxrng.es\/old\/?s={search_term_string}"},"query-input":"required name=search_term_string"}],"inLanguage":"es"}]}},"_links":{"self":[{"href":"https:\/\/wimaxrng.es\/old\/wp-json\/wp\/v2\/pages\/1405"}],"collection":[{"href":"https:\/\/wimaxrng.es\/old\/wp-json\/wp\/v2\/pages"}],"about":[{"href":"https:\/\/wimaxrng.es\/old\/wp-json\/wp\/v2\/types\/page"}],"author":[{"embeddable":true,"href":"https:\/\/wimaxrng.es\/old\/wp-json\/wp\/v2\/users\/3"}],"replies":[{"embeddable":true,"href":"https:\/\/wimaxrng.es\/old\/wp-json\/wp\/v2\/comments?post=1405"}],"version-history":[{"count":58,"href":"https:\/\/wimaxrng.es\/old\/wp-json\/wp\/v2\/pages\/1405\/revisions"}],"predecessor-version":[{"id":1516,"href":"https:\/\/wimaxrng.es\/old\/wp-json\/wp\/v2\/pages\/1405\/revisions\/1516"}],"up":[{"embeddable":true,"href":"https:\/\/wimaxrng.es\/old\/wp-json\/wp\/v2\/pages\/742"}],"wp:featuredmedia":[{"embeddable":true,"href":"https:\/\/wimaxrng.es\/old\/wp-json\/wp\/v2\/media\/1472"}],"wp:attachment":[{"href":"https:\/\/wimaxrng.es\/old\/wp-json\/wp\/v2\/media?parent=1405"}],"curies":[{"name":"wp","href":"https:\/\/api.w.org\/{rel}","templated":true}]}}