{"id":1038,"date":"2022-01-14T14:58:00","date_gmt":"2022-01-14T13:58:00","guid":{"rendered":"https:\/\/wimaxrng.es\/old\/?page_id=1038"},"modified":"2024-01-24T21:24:07","modified_gmt":"2024-01-24T20:24:07","slug":"sistemas-avanzados-videovigilancia-control-acceso","status":"publish","type":"page","link":"https:\/\/wimaxrng.es\/old\/soluciones\/sistemas-avanzados-videovigilancia-control-acceso\/","title":{"rendered":"Sistemas avanzados de videovigilancia y control de acceso"},"content":{"rendered":"<p style=\"text-align: center;\">En Wimax RNG queremos proporcionarte nuestra soluci\u00f3n en Sistemas de <strong>Videovigilancia avanzada<\/strong> para que tengas la certeza de que nada pasar\u00e1 sin ser observado y en caso de ser necesario puedas revisar las im\u00e1genes de hechos acontecidos. Te ofrecemos <strong>los mejores equipos<\/strong> para este fin, todo esto con la capacidad de <strong>monitorearse en el sitio o en remoto<\/strong> v\u00eda web y dispositivos m\u00f3viles.<\/p>\n","protected":false},"excerpt":{"rendered":"<p>En Wimax RNG queremos proporcionarte nuestra soluci\u00f3n en Sistemas de Videovigilancia avanzada para que tengas la certeza de que nada pasar\u00e1 sin ser observado y en caso de ser necesario puedas revisar las im\u00e1genes de hechos acontecidos. Te ofrecemos los mejores equipos para este fin, todo esto con la capacidad de monitorearse en el sitio&#8230; <a class=\"view-article\" href=\"https:\/\/wimaxrng.es\/old\/soluciones\/sistemas-avanzados-videovigilancia-control-acceso\/\">View Article<\/a><\/p>\n","protected":false},"author":1,"featured_media":1210,"parent":742,"menu_order":0,"comment_status":"closed","ping_status":"closed","template":"template-flexible.php","meta":[],"acf":[],"yoast_head":"<!-- This site is optimized with the Yoast SEO plugin v20.0 - https:\/\/yoast.com\/wordpress\/plugins\/seo\/ -->\n<title>Sistemas avanzados de videovigilancia y control de acceso<\/title>\n<meta name=\"description\" content=\"En Wimax RNG queremos proporcionarte nuestra soluci\u00f3n en Sistemas de Videovigilancia avanzada para que tengas la certeza de que nada pasar\u00e1 sin ser observado y en caso de ser necesario puedas revisar las im\u00e1genes de hechos acontecidos.\" \/>\n<meta name=\"robots\" content=\"index, follow, max-snippet:-1, max-image-preview:large, max-video-preview:-1\" \/>\n<link rel=\"canonical\" href=\"https:\/\/wimaxrng.es\/old\/soluciones\/sistemas-avanzados-videovigilancia-control-acceso\/\" \/>\n<meta property=\"og:locale\" content=\"es_ES\" \/>\n<meta property=\"og:type\" content=\"article\" \/>\n<meta property=\"og:title\" content=\"Sistemas avanzados de videovigilancia y control de acceso\" \/>\n<meta property=\"og:description\" content=\"En Wimax RNG queremos proporcionarte nuestra soluci\u00f3n en Sistemas de Videovigilancia avanzada para que tengas la certeza de que nada pasar\u00e1 sin ser observado y en caso de ser necesario puedas revisar las im\u00e1genes de hechos acontecidos.\" \/>\n<meta property=\"og:url\" content=\"https:\/\/wimaxrng.es\/old\/soluciones\/sistemas-avanzados-videovigilancia-control-acceso\/\" \/>\n<meta property=\"og:site_name\" content=\"Wimax rng\" \/>\n<meta property=\"article:modified_time\" content=\"2024-01-24T20:24:07+00:00\" \/>\n<meta property=\"og:image\" content=\"https:\/\/wimaxrng.es\/old\/wp-content\/uploads\/2017\/11\/videovigilancia-1.jpg\" \/>\n\t<meta property=\"og:image:width\" content=\"600\" \/>\n\t<meta property=\"og:image:height\" content=\"400\" \/>\n\t<meta property=\"og:image:type\" content=\"image\/jpeg\" \/>\n<meta name=\"twitter:card\" content=\"summary_large_image\" \/>\n<meta name=\"twitter:label1\" content=\"Tiempo de lectura\" \/>\n\t<meta name=\"twitter:data1\" content=\"1 minuto\" \/>\n<script type=\"application\/ld+json\" class=\"yoast-schema-graph\">{\"@context\":\"https:\/\/schema.org\",\"@graph\":[{\"@type\":\"WebPage\",\"@id\":\"https:\/\/wimaxrng.es\/old\/soluciones\/sistemas-avanzados-videovigilancia-control-acceso\/\",\"url\":\"https:\/\/wimaxrng.es\/old\/soluciones\/sistemas-avanzados-videovigilancia-control-acceso\/\",\"name\":\"Sistemas avanzados de videovigilancia y control de acceso\",\"isPartOf\":{\"@id\":\"https:\/\/wimaxrng.es\/old\/#website\"},\"datePublished\":\"2022-01-14T13:58:00+00:00\",\"dateModified\":\"2024-01-24T20:24:07+00:00\",\"description\":\"En Wimax RNG queremos proporcionarte nuestra soluci\u00f3n en Sistemas de Videovigilancia avanzada para que tengas la certeza de que nada pasar\u00e1 sin ser observado y en caso de ser necesario puedas revisar las im\u00e1genes de hechos acontecidos.\",\"breadcrumb\":{\"@id\":\"https:\/\/wimaxrng.es\/old\/soluciones\/sistemas-avanzados-videovigilancia-control-acceso\/#breadcrumb\"},\"inLanguage\":\"es\",\"potentialAction\":[{\"@type\":\"ReadAction\",\"target\":[\"https:\/\/wimaxrng.es\/old\/soluciones\/sistemas-avanzados-videovigilancia-control-acceso\/\"]}]},{\"@type\":\"BreadcrumbList\",\"@id\":\"https:\/\/wimaxrng.es\/old\/soluciones\/sistemas-avanzados-videovigilancia-control-acceso\/#breadcrumb\",\"itemListElement\":[{\"@type\":\"ListItem\",\"position\":1,\"name\":\"Portada\",\"item\":\"https:\/\/wimaxrng.es\/old\/\"},{\"@type\":\"ListItem\",\"position\":2,\"name\":\"Soluciones\",\"item\":\"https:\/\/wimaxrng.es\/old\/soluciones\/\"},{\"@type\":\"ListItem\",\"position\":3,\"name\":\"Sistemas avanzados de videovigilancia y control de acceso\"}]},{\"@type\":\"WebSite\",\"@id\":\"https:\/\/wimaxrng.es\/old\/#website\",\"url\":\"https:\/\/wimaxrng.es\/old\/\",\"name\":\"Wimax rng\",\"description\":\"Somos una empresa de esp\u00edritu innovador con una amplia experiencia en el sector de las telecomunicaciones que contamos con un capital humano cercano y de s\u00f3lida formaci\u00f3n para hacer realidad tus proyectos.\",\"potentialAction\":[{\"@type\":\"SearchAction\",\"target\":{\"@type\":\"EntryPoint\",\"urlTemplate\":\"https:\/\/wimaxrng.es\/old\/?s={search_term_string}\"},\"query-input\":\"required name=search_term_string\"}],\"inLanguage\":\"es\"}]}<\/script>\n<!-- \/ Yoast SEO plugin. -->","yoast_head_json":{"title":"Sistemas avanzados de videovigilancia y control de acceso","description":"En Wimax RNG queremos proporcionarte nuestra soluci\u00f3n en Sistemas de Videovigilancia avanzada para que tengas la certeza de que nada pasar\u00e1 sin ser observado y en caso de ser necesario puedas revisar las im\u00e1genes de hechos acontecidos.","robots":{"index":"index","follow":"follow","max-snippet":"max-snippet:-1","max-image-preview":"max-image-preview:large","max-video-preview":"max-video-preview:-1"},"canonical":"https:\/\/wimaxrng.es\/old\/soluciones\/sistemas-avanzados-videovigilancia-control-acceso\/","og_locale":"es_ES","og_type":"article","og_title":"Sistemas avanzados de videovigilancia y control de acceso","og_description":"En Wimax RNG queremos proporcionarte nuestra soluci\u00f3n en Sistemas de Videovigilancia avanzada para que tengas la certeza de que nada pasar\u00e1 sin ser observado y en caso de ser necesario puedas revisar las im\u00e1genes de hechos acontecidos.","og_url":"https:\/\/wimaxrng.es\/old\/soluciones\/sistemas-avanzados-videovigilancia-control-acceso\/","og_site_name":"Wimax rng","article_modified_time":"2024-01-24T20:24:07+00:00","og_image":[{"width":600,"height":400,"url":"https:\/\/wimaxrng.es\/old\/wp-content\/uploads\/2017\/11\/videovigilancia-1.jpg","type":"image\/jpeg"}],"twitter_card":"summary_large_image","twitter_misc":{"Tiempo de lectura":"1 minuto"},"schema":{"@context":"https:\/\/schema.org","@graph":[{"@type":"WebPage","@id":"https:\/\/wimaxrng.es\/old\/soluciones\/sistemas-avanzados-videovigilancia-control-acceso\/","url":"https:\/\/wimaxrng.es\/old\/soluciones\/sistemas-avanzados-videovigilancia-control-acceso\/","name":"Sistemas avanzados de videovigilancia y control de acceso","isPartOf":{"@id":"https:\/\/wimaxrng.es\/old\/#website"},"datePublished":"2022-01-14T13:58:00+00:00","dateModified":"2024-01-24T20:24:07+00:00","description":"En Wimax RNG queremos proporcionarte nuestra soluci\u00f3n en Sistemas de Videovigilancia avanzada para que tengas la certeza de que nada pasar\u00e1 sin ser observado y en caso de ser necesario puedas revisar las im\u00e1genes de hechos acontecidos.","breadcrumb":{"@id":"https:\/\/wimaxrng.es\/old\/soluciones\/sistemas-avanzados-videovigilancia-control-acceso\/#breadcrumb"},"inLanguage":"es","potentialAction":[{"@type":"ReadAction","target":["https:\/\/wimaxrng.es\/old\/soluciones\/sistemas-avanzados-videovigilancia-control-acceso\/"]}]},{"@type":"BreadcrumbList","@id":"https:\/\/wimaxrng.es\/old\/soluciones\/sistemas-avanzados-videovigilancia-control-acceso\/#breadcrumb","itemListElement":[{"@type":"ListItem","position":1,"name":"Portada","item":"https:\/\/wimaxrng.es\/old\/"},{"@type":"ListItem","position":2,"name":"Soluciones","item":"https:\/\/wimaxrng.es\/old\/soluciones\/"},{"@type":"ListItem","position":3,"name":"Sistemas avanzados de videovigilancia y control de acceso"}]},{"@type":"WebSite","@id":"https:\/\/wimaxrng.es\/old\/#website","url":"https:\/\/wimaxrng.es\/old\/","name":"Wimax rng","description":"Somos una empresa de esp\u00edritu innovador con una amplia experiencia en el sector de las telecomunicaciones que contamos con un capital humano cercano y de s\u00f3lida formaci\u00f3n para hacer realidad tus proyectos.","potentialAction":[{"@type":"SearchAction","target":{"@type":"EntryPoint","urlTemplate":"https:\/\/wimaxrng.es\/old\/?s={search_term_string}"},"query-input":"required name=search_term_string"}],"inLanguage":"es"}]}},"_links":{"self":[{"href":"https:\/\/wimaxrng.es\/old\/wp-json\/wp\/v2\/pages\/1038"}],"collection":[{"href":"https:\/\/wimaxrng.es\/old\/wp-json\/wp\/v2\/pages"}],"about":[{"href":"https:\/\/wimaxrng.es\/old\/wp-json\/wp\/v2\/types\/page"}],"author":[{"embeddable":true,"href":"https:\/\/wimaxrng.es\/old\/wp-json\/wp\/v2\/users\/1"}],"replies":[{"embeddable":true,"href":"https:\/\/wimaxrng.es\/old\/wp-json\/wp\/v2\/comments?post=1038"}],"version-history":[{"count":26,"href":"https:\/\/wimaxrng.es\/old\/wp-json\/wp\/v2\/pages\/1038\/revisions"}],"predecessor-version":[{"id":1679,"href":"https:\/\/wimaxrng.es\/old\/wp-json\/wp\/v2\/pages\/1038\/revisions\/1679"}],"up":[{"embeddable":true,"href":"https:\/\/wimaxrng.es\/old\/wp-json\/wp\/v2\/pages\/742"}],"wp:featuredmedia":[{"embeddable":true,"href":"https:\/\/wimaxrng.es\/old\/wp-json\/wp\/v2\/media\/1210"}],"wp:attachment":[{"href":"https:\/\/wimaxrng.es\/old\/wp-json\/wp\/v2\/media?parent=1038"}],"curies":[{"name":"wp","href":"https:\/\/api.w.org\/{rel}","templated":true}]}}