{"id":1025,"date":"2017-11-14T12:49:33","date_gmt":"2017-11-14T11:49:33","guid":{"rendered":"https:\/\/wimaxrng.es\/old\/?page_id=1025"},"modified":"2022-01-19T20:20:57","modified_gmt":"2022-01-19T19:20:57","slug":"firewall-redes-seguras","status":"publish","type":"page","link":"https:\/\/wimaxrng.es\/old\/soluciones\/firewall-redes-seguras\/","title":{"rendered":"Firewall: Redes Seguras"},"content":{"rendered":"<p style=\"text-align: center;\"><strong>MANT\u00c9N TUS REDES SEGURAS Y PROTEGE TU INFORMACI\u00d3N<\/strong><\/p>\n<p style=\"text-align: center;\">La informaci\u00f3n que manejamos en la empresa vale dinero. Nuestros datos son cr\u00edticos y es fundamental protegerlos ante un uso no autorizado mal intencionado. Puedes utilizar los sistemas firewall de Wimax RNG para impedir esos accesos utilizando distintas pol\u00edticas, ya sean restrictivas (impedir todo la comunicaci\u00f3n salvo el autorizado) o permisivas (permitir toda la comunicaci\u00f3n salvo la expresamente prohibida)<\/p>\n","protected":false},"excerpt":{"rendered":"<p>MANT\u00c9N TUS REDES SEGURAS Y PROTEGE TU INFORMACI\u00d3N La informaci\u00f3n que manejamos en la empresa vale dinero. Nuestros datos son cr\u00edticos y es fundamental protegerlos ante un uso no autorizado mal intencionado. Puedes utilizar los sistemas firewall de Wimax RNG para impedir esos accesos utilizando distintas pol\u00edticas, ya sean restrictivas (impedir todo la comunicaci\u00f3n salvo&#8230; <a class=\"view-article\" href=\"https:\/\/wimaxrng.es\/old\/soluciones\/firewall-redes-seguras\/\">View Article<\/a><\/p>\n","protected":false},"author":1,"featured_media":1207,"parent":742,"menu_order":5,"comment_status":"closed","ping_status":"closed","template":"template-flexible.php","meta":[],"acf":[],"yoast_head":"<!-- This site is optimized with the Yoast SEO plugin v20.0 - https:\/\/yoast.com\/wordpress\/plugins\/seo\/ -->\n<title>Firewall: Redes Seguras<\/title>\n<meta name=\"description\" content=\"La informaci\u00f3n que manejamos en la empresa vale dinero. Nuestros datos son cr\u00edticos y es fundamental protegerlos ante un uso no autorizado mal intencionado.\" \/>\n<meta name=\"robots\" content=\"index, follow, max-snippet:-1, max-image-preview:large, max-video-preview:-1\" \/>\n<link rel=\"canonical\" href=\"https:\/\/wimaxrng.es\/old\/soluciones\/firewall-redes-seguras\/\" \/>\n<meta property=\"og:locale\" content=\"es_ES\" \/>\n<meta property=\"og:type\" content=\"article\" \/>\n<meta property=\"og:title\" content=\"Firewall: Redes Seguras\" \/>\n<meta property=\"og:description\" content=\"La informaci\u00f3n que manejamos en la empresa vale dinero. Nuestros datos son cr\u00edticos y es fundamental protegerlos ante un uso no autorizado mal intencionado.\" \/>\n<meta property=\"og:url\" content=\"https:\/\/wimaxrng.es\/old\/soluciones\/firewall-redes-seguras\/\" \/>\n<meta property=\"og:site_name\" content=\"Wimax rng\" \/>\n<meta property=\"article:modified_time\" content=\"2022-01-19T19:20:57+00:00\" \/>\n<meta property=\"og:image\" content=\"https:\/\/wimaxrng.es\/old\/wp-content\/uploads\/2017\/11\/firewall.jpg\" \/>\n\t<meta property=\"og:image:width\" content=\"600\" \/>\n\t<meta property=\"og:image:height\" content=\"451\" \/>\n\t<meta property=\"og:image:type\" content=\"image\/jpeg\" \/>\n<meta name=\"twitter:card\" content=\"summary_large_image\" \/>\n<meta name=\"twitter:label1\" content=\"Tiempo de lectura\" \/>\n\t<meta name=\"twitter:data1\" content=\"1 minuto\" \/>\n<script type=\"application\/ld+json\" class=\"yoast-schema-graph\">{\"@context\":\"https:\/\/schema.org\",\"@graph\":[{\"@type\":\"WebPage\",\"@id\":\"https:\/\/wimaxrng.es\/old\/soluciones\/firewall-redes-seguras\/\",\"url\":\"https:\/\/wimaxrng.es\/old\/soluciones\/firewall-redes-seguras\/\",\"name\":\"Firewall: Redes Seguras\",\"isPartOf\":{\"@id\":\"https:\/\/wimaxrng.es\/old\/#website\"},\"datePublished\":\"2017-11-14T11:49:33+00:00\",\"dateModified\":\"2022-01-19T19:20:57+00:00\",\"description\":\"La informaci\u00f3n que manejamos en la empresa vale dinero. Nuestros datos son cr\u00edticos y es fundamental protegerlos ante un uso no autorizado mal intencionado.\",\"breadcrumb\":{\"@id\":\"https:\/\/wimaxrng.es\/old\/soluciones\/firewall-redes-seguras\/#breadcrumb\"},\"inLanguage\":\"es\",\"potentialAction\":[{\"@type\":\"ReadAction\",\"target\":[\"https:\/\/wimaxrng.es\/old\/soluciones\/firewall-redes-seguras\/\"]}]},{\"@type\":\"BreadcrumbList\",\"@id\":\"https:\/\/wimaxrng.es\/old\/soluciones\/firewall-redes-seguras\/#breadcrumb\",\"itemListElement\":[{\"@type\":\"ListItem\",\"position\":1,\"name\":\"Portada\",\"item\":\"https:\/\/wimaxrng.es\/old\/\"},{\"@type\":\"ListItem\",\"position\":2,\"name\":\"Soluciones\",\"item\":\"https:\/\/wimaxrng.es\/old\/soluciones\/\"},{\"@type\":\"ListItem\",\"position\":3,\"name\":\"Firewall: Redes Seguras\"}]},{\"@type\":\"WebSite\",\"@id\":\"https:\/\/wimaxrng.es\/old\/#website\",\"url\":\"https:\/\/wimaxrng.es\/old\/\",\"name\":\"Wimax rng\",\"description\":\"Somos una empresa de esp\u00edritu innovador con una amplia experiencia en el sector de las telecomunicaciones que contamos con un capital humano cercano y de s\u00f3lida formaci\u00f3n para hacer realidad tus proyectos.\",\"potentialAction\":[{\"@type\":\"SearchAction\",\"target\":{\"@type\":\"EntryPoint\",\"urlTemplate\":\"https:\/\/wimaxrng.es\/old\/?s={search_term_string}\"},\"query-input\":\"required name=search_term_string\"}],\"inLanguage\":\"es\"}]}<\/script>\n<!-- \/ Yoast SEO plugin. -->","yoast_head_json":{"title":"Firewall: Redes Seguras","description":"La informaci\u00f3n que manejamos en la empresa vale dinero. Nuestros datos son cr\u00edticos y es fundamental protegerlos ante un uso no autorizado mal intencionado.","robots":{"index":"index","follow":"follow","max-snippet":"max-snippet:-1","max-image-preview":"max-image-preview:large","max-video-preview":"max-video-preview:-1"},"canonical":"https:\/\/wimaxrng.es\/old\/soluciones\/firewall-redes-seguras\/","og_locale":"es_ES","og_type":"article","og_title":"Firewall: Redes Seguras","og_description":"La informaci\u00f3n que manejamos en la empresa vale dinero. Nuestros datos son cr\u00edticos y es fundamental protegerlos ante un uso no autorizado mal intencionado.","og_url":"https:\/\/wimaxrng.es\/old\/soluciones\/firewall-redes-seguras\/","og_site_name":"Wimax rng","article_modified_time":"2022-01-19T19:20:57+00:00","og_image":[{"width":600,"height":451,"url":"https:\/\/wimaxrng.es\/old\/wp-content\/uploads\/2017\/11\/firewall.jpg","type":"image\/jpeg"}],"twitter_card":"summary_large_image","twitter_misc":{"Tiempo de lectura":"1 minuto"},"schema":{"@context":"https:\/\/schema.org","@graph":[{"@type":"WebPage","@id":"https:\/\/wimaxrng.es\/old\/soluciones\/firewall-redes-seguras\/","url":"https:\/\/wimaxrng.es\/old\/soluciones\/firewall-redes-seguras\/","name":"Firewall: Redes Seguras","isPartOf":{"@id":"https:\/\/wimaxrng.es\/old\/#website"},"datePublished":"2017-11-14T11:49:33+00:00","dateModified":"2022-01-19T19:20:57+00:00","description":"La informaci\u00f3n que manejamos en la empresa vale dinero. Nuestros datos son cr\u00edticos y es fundamental protegerlos ante un uso no autorizado mal intencionado.","breadcrumb":{"@id":"https:\/\/wimaxrng.es\/old\/soluciones\/firewall-redes-seguras\/#breadcrumb"},"inLanguage":"es","potentialAction":[{"@type":"ReadAction","target":["https:\/\/wimaxrng.es\/old\/soluciones\/firewall-redes-seguras\/"]}]},{"@type":"BreadcrumbList","@id":"https:\/\/wimaxrng.es\/old\/soluciones\/firewall-redes-seguras\/#breadcrumb","itemListElement":[{"@type":"ListItem","position":1,"name":"Portada","item":"https:\/\/wimaxrng.es\/old\/"},{"@type":"ListItem","position":2,"name":"Soluciones","item":"https:\/\/wimaxrng.es\/old\/soluciones\/"},{"@type":"ListItem","position":3,"name":"Firewall: Redes Seguras"}]},{"@type":"WebSite","@id":"https:\/\/wimaxrng.es\/old\/#website","url":"https:\/\/wimaxrng.es\/old\/","name":"Wimax rng","description":"Somos una empresa de esp\u00edritu innovador con una amplia experiencia en el sector de las telecomunicaciones que contamos con un capital humano cercano y de s\u00f3lida formaci\u00f3n para hacer realidad tus proyectos.","potentialAction":[{"@type":"SearchAction","target":{"@type":"EntryPoint","urlTemplate":"https:\/\/wimaxrng.es\/old\/?s={search_term_string}"},"query-input":"required name=search_term_string"}],"inLanguage":"es"}]}},"_links":{"self":[{"href":"https:\/\/wimaxrng.es\/old\/wp-json\/wp\/v2\/pages\/1025"}],"collection":[{"href":"https:\/\/wimaxrng.es\/old\/wp-json\/wp\/v2\/pages"}],"about":[{"href":"https:\/\/wimaxrng.es\/old\/wp-json\/wp\/v2\/types\/page"}],"author":[{"embeddable":true,"href":"https:\/\/wimaxrng.es\/old\/wp-json\/wp\/v2\/users\/1"}],"replies":[{"embeddable":true,"href":"https:\/\/wimaxrng.es\/old\/wp-json\/wp\/v2\/comments?post=1025"}],"version-history":[{"count":6,"href":"https:\/\/wimaxrng.es\/old\/wp-json\/wp\/v2\/pages\/1025\/revisions"}],"predecessor-version":[{"id":1512,"href":"https:\/\/wimaxrng.es\/old\/wp-json\/wp\/v2\/pages\/1025\/revisions\/1512"}],"up":[{"embeddable":true,"href":"https:\/\/wimaxrng.es\/old\/wp-json\/wp\/v2\/pages\/742"}],"wp:featuredmedia":[{"embeddable":true,"href":"https:\/\/wimaxrng.es\/old\/wp-json\/wp\/v2\/media\/1207"}],"wp:attachment":[{"href":"https:\/\/wimaxrng.es\/old\/wp-json\/wp\/v2\/media?parent=1025"}],"curies":[{"name":"wp","href":"https:\/\/api.w.org\/{rel}","templated":true}]}}